-0*u + 34. Let v = 28 + u. What is the remainder when 43 is divided by v?
10
Suppose 0 = s - 5*g - 27, 5*g = -5*s + 15. Let z(y) = -2*y + 8. Let x be 4/(-14) + (-120)/21. Calculate the remainder when z(x) is divided by s.
6
Let g(x) = -19*x - 3. What is the remainder when g(-3) is divided by 19?
16
Let v(g) = -7*g**3 + 14*g**2 - g + 1. Let k(w) = 6*w**3 - 13*w**2 + 2*w - 2. Let x(r) = -6*k(r) - 5*v(r). Calculate the remainder when x(6) is divided by 19.
18
What is the remainder when 39 is divided by (30/24)/(1/16)?
19
Let i(x) = -x**2 + 10*x - 7. Let m be i(10). Let f(a) = a**2 + 5*a - 4. What is the remainder when ((-28)/5)/(2/(-10)) is divided by f(m)?
8
Let r = 12 - -5. Calculate the remainder when r is divided by 5.
2
Suppose -4*g - g = -250. Suppose 16*t = 11*t + g. What is the remainder when 37 is divided by t?
7
Suppose 0 = 5*q - 36 - 4. Suppose q*h - 6*h - 32 = 0. Calculate the remainder when 40/(-12)*(-54)/4 is divided by h.
13
Suppose -2*l - 16 = -3*l. Let w(y) = -2*y**3 - 5*y**2 - 2*y + 5. What is the remainder when w(-4) is divided by l?
13
Suppose -k + 5 = -0*k. Suppose -3*q - k*h = -h + 13, 2*q + 4*h + 14 = 0. Suppose 5 = y + q. Calculate the remainder when 9 is divided by y.
1
Let v(i) = -2*i**3 - 2*i**2 - i - 1. Calculate the remainder when ((-1)/(-2))/((-2)/(-64)) is divided by v(-2).
7
Let f(h) be the second derivative of h**4/3 - h**3/6 - h**2/2 + 7*h. Calculate the remainder when f(2) is divided by 8.
5
What is the remainder when (6 - (4 + -7)) + -2 is divided by 6?
1
Suppose 10 = -4*v + 22. Calculate the remainder when 16 is divided by v.
1
Let a(l) = 3*l**2 + 2*l + 1. Let t be a(-1). Suppose c = -x + 25, -t*c - x = -30 - 24. What is the remainder when 84 is divided by c?
26
Suppose 4*f + 2 - 22 = 0. Let d = f + 0. Suppose d*a - a - 80 = 0. Calculate the remainder when a is divided by 11.
9
Suppose -5*d = -0*d - 65. Let q = -2 + d. Let f(v) = -v**2 - v + 31. Calculate the remainder when f(0) is divided by q.
9
Let y(d) = -d + 4. What is the remainder when 36 is divided by y(-6)?
6
Suppose -48 = 3*z + 45. Let b = -16 - z. What is the remainder when 59 is divided by b?
14
Calculate the remainder when 19 is divided by ((-4)/(-6))/(-2 - 64/(-30)).
4
Let c = 6 + 9. Let r(i) = -i. Let y(h) = -h**2 + h + 4. Let j(l) = 3*r(l) - y(l). Calculate the remainder when j(8) is divided by c.
13
Let p(j) be the second derivative of -j**5/20 + j**4/12 + 23*j**2 + 2*j. Let n = -21 + 37. Calculate the remainder when p(0) is divided by n.
14
Suppose 0 = -2*i + 9 + 11. What is the remainder when i is divided by 4?
2
Let n = 7 + 0. Let l(u) = u**3 - 6*u**2 - 6*u - 5. Calculate the remainder when l(n) is divided by 2/(-3)*3/(-2).
0
Let u = -32 - -83. Let g(c) = 4*c**2 + 4*c + 2. What is the remainder when u is divided by g(-3)?
25
Let s be -1 - 126/(-1 + 3). Let t = -40 - s. What is the remainder when t is divided by 13?
11
Let m = -7 + 11. Suppose g - 4 = m. Calculate the remainder when g is divided by 5.
3
Calculate the remainder when 1720/45 + 2/(-9) is divided by (0 - -4)*(-4 - -9).
18
Let t(k) = 6*k + 0 - 1 - 3*k**2 + 3*k**2 - 6*k**2 - k**3. Calculate the remainder when 17 is divided by t(-7).
5
Let q(y) = 15*y + 11. Let x(l) = -7*l - 6. Let n(f) = 4*q(f) + 9*x(f). What is the remainder when 25 is divided by n(-8)?
11
Suppose 2*z = 3*q + 14, 4*q - 3*q - 5*z + 9 = 0. Let m(r) = -2*r - r - 6 + 2*r - r. Calculate the remainder when m(q) is divided by 1.
0
Suppose 3*i - 11 = 4. Suppose i*a = 4*v - 5, a = v - 4 + 2. What is the remainder when 3 is divided by a?
0
Let g be (-1)/1 - (-1 + 0). Suppose g*l = 4*l - 120. Suppose -5*d - 64 = -4*s, 9*d = -4*s + 8*d + 40. What is the remainder when l is divided by s?
8
Suppose -2*s - 2*s = -16. Let c = s + 0. Calculate the remainder when 10 is divided by c.
2
Let l = 19 + 42. What is the remainder when 241 is divided by l?
58
Let h(n) = n**3 - 10*n**2 + 10*n - 9. Let j be h(9). Suppose j = -4*a - 4*p + 24, -a - 4*a = -p. What is the remainder when 1 is divided by a?
0
Suppose -346 = -4*i + 2*b - 12, -413 = -5*i - 2*b. What is the remainder when i is divided by 29?
25
Suppose 5 = 2*q - 3*b, -2*q - 5*b + 9 = -q. Let h = q - -4. Calculate the remainder when (1 - 15)*(-1 + 0) is divided by h.
6
Suppose 14 = 4*a - 2*w, 4*a + 5*w = 3*a - 2. What is the remainder when 192/9 + (-1)/a is divided by 11?
10
Suppose 0*a = -a + 9. Calculate the remainder when (9 - 8)/(1/35) is divided by a.
8
Suppose -p + 2 = 0, -189 = -j - 5*p - 51. What is the remainder when j is divided by 26?
24
Let z(g) = -g + 19. What is the remainder when z(-8) is divided by 6?
3
Let r(l) = 4*l**3 - 2*l**2 - l + 3. Let s(x) = 4*x**3 - 2*x**2 - 2*x + 4. Let v(c) = 5*r(c) - 4*s(c). What is the remainder when v(2) is divided by 15?
14
Suppose -5*k + 0*k + 68 = 4*n, 0 = 3*n + 5*k - 46. What is the remainder when 64 is divided by n?
20
Let r = -96 - -24. Let j = -46 - r. What is the remainder when 51 is divided by j?
25
Suppose -14*x = -0*x - 126. Let g be (1 - 1/1) + 28. Calculate the remainder when 6/3 - g/(-2) is divided by x.
7
Let m be 2*-1 + 3/(-1). Let f(s) = s - 1. Let w(c) = -c**3 - 6*c**2 - 2*c + 2. Let d(a) = -3*f(a) + w(a). Calculate the remainder when 14 is divided by d(m).
4
Calculate the remainder when (-597)/(-15) + 3/15 is divided by 21.
19
Suppose -3*x + 5*k + 10 = 4*k, -2*x + 30 = 4*k. What is the remainder when 6 is divided by x?
1
Let z(x) = x + 1. Let f be z(-3). Calculate the remainder when 22 is divided by (-2 + f)*(2 + -4).
6
Let y be 1 + -3*4/(-3). Suppose -5*q = y*f - 10, 8*q + 3*f = 3*q + 14. What is the remainder when 20 is divided by 42/4 + 2/q?
9
Calculate the remainder when (-1)/(-2) - 55/(-2) is divided by 10.
8
Suppose -2*d = -2*b + 24, 8 = 2*b + 5*d - 2. Let n = b + -15. Let x = 9 + n. What is the remainder when x is divided by 2?
0
Let l(i) = -i + 24. Calculate the remainder when 55 is divided by l(10).
13
Let h = -89 + 126. Suppose -4 = -0*x + 2*x, 4*n - 5*x - 62 = 0. Calculate the remainder when h is divided by n.
11
Let w = 17 + 20. What is the remainder when w is divided by (-26)/2*(-1 - 0)?
11
Suppose -2*k - 122 = -0*z - 5*z, 5*z = 4*k + 114. What is the remainder when 74 is divided by z?
22
Let g(w) = 2*w**3 + w**2 - 3*w + 1. Let o be (36/(-16))/((-2)/8). Suppose -4*x = 5*c - o, -c = x - 5*c + 3. What is the remainder when g(1) is divided by x?
0
Suppose 0 = 5*q - 15, 0 = -z - 0*q - 3*q + 76. What is the remainder when z is divided by 18?
13
Let t be ((-190)/40)/((-1)/4). Let y = -16 + t. What is the remainder when 9 is divided by y?
0
Suppose 5*i = 2*z + 51, 2*i - 28 = -0*i - 3*z. Calculate the remainder when 150/6 + (0 - 5) is divided by i.
9
Suppose 5*o - 13 - 12 = 0. Suppose j - 5*c + 35 = 6*j, -2*j + o*c - 21 = 0. What is the remainder when 7 is divided by j?
1
Let n(x) = 5*x**3 + x**2 - x - 1. Let o be n(-1). Calculate the remainder when 70 is divided by -5*18*o/20.
16
Suppose 0 = -4*i, 2*c = 3*i + 10 + 4. Let l be 86/(-11) + (-2)/11. Let r(d) = -d**3 - 9*d**2 - 10*d - 3. What is the remainder when r(l) is divided by c?
6
Let b = -6 - -8. Suppose 33 - 12 = 5*r - k, 3*r - k - 13 = 0. What is the remainder when r is divided by b?
0
Suppose -3*k + k = -3*a + 118, 3*k + 197 = 5*a. What is the remainder when a is divided by 14?
12
What is the remainder when ((-162)/8)/((-12)/32) is divided by 19?
16
Let y = 16 - 3. Calculate the remainder when 37 is divided by y.
11
Suppose o = -2*o. Let h(t) = -2*t + 21. What is the remainder when h(o) is divided by 6?
3
Suppose -5*z + 50 = -55. Calculate the remainder when 111/z - 2/7 is divided by 3.
2
Suppose -2 - 18 = 2*s. Let i = s + 17. Let a(p) = 2*p**2 - 2*p - 4. Calculate the remainder when a(-3) is divided by i.
6
Let u(j) = -3*j**2 - 4. Let h be u(3). Let k = 58 + h. What is the remainder when k is divided by 15?
12
Suppose 2*h = -2*h + 2*t - 10, 2*h + 4*t = -10. Let y(g) = -17*g + 7. Calculate the remainder when y(h) is divided by 20.
18
Let r(a) = -a**2 - 7*a - 5. Let x be r(-5). Let s = x - -11. Calculate the remainder when s is divided by 5.
1
Suppose 3*t - 37 = -u, -u - 41 = -5*t + 18. Suppose 5*z + 3 = -t. What is the remainder when 5 is divided by 6*3/(-27)*z?
1
Suppose -9*u = -4*u - 10. What is the remainder when 3 is divided by u?
1
Let h(f) be the